{"id":32,"date":"2024-10-05T01:04:25","date_gmt":"2024-10-04T23:04:25","guid":{"rendered":"https:\/\/paliakoudis.tax\/?page_id=32"},"modified":"2025-07-26T20:14:35","modified_gmt":"2025-07-26T18:14:35","slug":"impressum","status":"publish","type":"page","link":"https:\/\/paliakoudis.tax\/?page_id=32","title":{"rendered":"Impressum"},"content":{"rendered":"\n<h2 class=\"wp-block-heading\">Angaben gem\u00e4\u00df \u00a7 5 TMG<\/h2>\n\n\n\n<p>Panagiotis Paliakoudis<br>Wirtschaftspr\u00fcfer, Steuerberater<br>N\u00e4hterstr. 135<br>70327 Stuttgart<\/p>\n\n\n\n<h2 class=\"wp-block-heading\">Kontakt<\/h2>\n\n\n\n<p>E-Mail:&nbsp;panagiotis [at] paliakoudis [dot] tax<br>Telefon: +49 711 12566269<\/p>\n\n\n\n<h2 class=\"wp-block-heading\">Umsatzsteuer-ID<\/h2>\n\n\n\n<p>Umsatzsteuer-Identifikationsnummer gem\u00e4\u00df \u00a7 27a UStG:<br>DE353351033<\/p>\n\n\n\n<h2 class=\"wp-block-heading\">Berufsbezeichnung und berufsrechtliche Regelungen<\/h2>\n\n\n\n<p>Berufsbezeichnung: <br>Wirtschaftspr\u00fcfer, Steuerberater<\/p>\n\n\n\n<p>Zust\u00e4ndige Kammern:<br><strong>Wirtschaftspr\u00fcferkammer K. d. \u00f6. R.<\/strong><br>Rauchstra\u00dfe 26<br>10787 Berlin<\/p>\n\n\n\n<p><strong>Steuerberaterkammer Stuttgart K. d. \u00f6. R.<br><\/strong>Hegelstra\u00dfe 33<br>70174 Stuttgart<\/p>\n\n\n\n<p>Verliehen in:<br>Deutschland<\/p>\n\n\n\n<p>Es gelten folgende berufsrechtliche Regelungen:<\/p>\n\n\n\n<p>Gesetz \u00fcber eine Berufsordnung der Wirtschaftspr\u00fcfer (WPO)<br>einsehbar unter: <a href=\"https:\/\/www.gesetze-im-internet.de\/wipro\/\">https:\/\/www.gesetze-im-internet.de\/wipro\/<\/a><\/p>\n\n\n\n<p>Berufssatzung f\u00fcr Wirtschaftspr\u00fcfer\/vereidigte Buchpr\u00fcfer (BS WP\/vBP)<br>einsehbar unter: <a href=\"https:\/\/www.wpk.de\/fileadmin\/documents\/Wissen\/Rechtsvorschriften\/BS-WPvBP.pdf\">https:\/\/www.wpk.de\/fileadmin\/documents\/Wissen\/Rechtsvorschriften\/BS-WPvBP.pdf<\/a><\/p>\n\n\n\n<p>Steuerberatungsgesetz (StBerG)<br>einsehbar unter:&nbsp;<a href=\"https:\/\/www.gesetze-im-internet.de\/stberg\/\" target=\"_blank\" rel=\"noreferrer noopener\">https:\/\/www.gesetze-im-internet.de\/stberg\/<\/a><\/p>\n\n\n\n<p>Berufsordnung der Steuerberater<br>einsehbar unter:&nbsp;<a href=\"https:\/\/www.bstbk.de\/downloads\/bstbk\/recht-und-berufsrecht\/fachinfos\/BStBK_Berufsordnung-inkl-Fachberaterordnung.pdf\" target=\"_blank\" rel=\"noreferrer noopener\">https:\/\/www.bstbk.de\/downloads\/bstbk\/recht-und-berufsrecht\/gesetze-und-verordnungen\/BStBK_Berufsordnung.pdf<\/a><\/p>\n\n\n\n<p>Steuerberaterverg\u00fctungsverordnung (StBVV)<br>einsehbar unter:&nbsp;<a href=\"https:\/\/www.gesetze-im-internet.de\/stbgebv\/\" target=\"_blank\" rel=\"noreferrer noopener\">https:\/\/www.gesetze-im-internet.de\/stbgebv\/<\/a><\/p>\n\n\n\n<h2 class=\"wp-block-heading\">Angaben zur Berufs\u00adhaftpflicht\u00adversicherung<\/h2>\n\n\n\n<p><strong>Name und Sitz des Versicherers:<\/strong><br>R+V Allgemeine Versicherung AG<br>Raiffeisenplatz 1<br>65189 Wiesbaden<\/p>\n\n\n\n<p><strong>Geltungsraum der Versicherung:<\/strong><br>Europa<\/p>\n\n\n\n<h2 class=\"wp-block-heading\">EU-Streitschlichtung<\/h2>\n\n\n\n<p>Die Europ\u00e4ische Kommission stellt eine Plattform zur Online-Streitbeilegung (OS) bereit:&nbsp;<a href=\"https:\/\/ec.europa.eu\/consumers\/odr\/\" target=\"_blank\" rel=\"noreferrer noopener\">https:\/\/ec.europa.eu\/consumers\/odr\/<\/a>.<br>Unsere E-Mail-Adresse finden Sie oben im Impressum.<\/p>\n\n\n\n<h2 class=\"wp-block-heading\">Verbraucher\u00adstreit\u00adbeilegung\/Universal\u00adschlichtungs\u00adstelle<\/h2>\n\n\n\n<p>Ich bin nicht bereit oder verpflichtet, an Streitbeilegungsverfahren vor einer Verbraucherschlichtungsstelle teilzunehmen.<\/p>\n\n\n\n<p>Quelle:&nbsp;<a href=\"https:\/\/www.e-recht24.de\/\">eRecht24<\/a><\/p>\n","protected":false},"excerpt":{"rendered":"<p>Angaben gem\u00e4\u00df \u00a7 5 TMG Panagiotis PaliakoudisWirtschaftspr\u00fcfer, SteuerberaterN\u00e4hterstr. 13570327 Stuttgart Kontakt E-Mail:&nbsp;panagiotis [at] paliakoudis [dot] taxTelefon: +49 711 12566269 Umsatzsteuer-ID Umsatzsteuer-Identifikationsnummer gem\u00e4\u00df \u00a7 27a UStG:DE353351033 Berufsbezeichnung und berufsrechtliche Regelungen Berufsbezeichnung: Wirtschaftspr\u00fcfer, Steuerberater Zust\u00e4ndige Kammern:Wirtschaftspr\u00fcferkammer K. d. \u00f6. R.Rauchstra\u00dfe 2610787 Berlin Steuerberaterkammer Stuttgart K. d. \u00f6. R.Hegelstra\u00dfe 3370174 Stuttgart Verliehen in:Deutschland Es gelten folgende berufsrechtliche Regelungen: [&hellip;]<\/p>\n","protected":false},"author":1,"featured_media":0,"parent":0,"menu_order":0,"comment_status":"closed","ping_status":"closed","template":"","meta":{"footnotes":""},"class_list":["post-32","page","type-page","status-publish","hentry"],"_links":{"self":[{"href":"https:\/\/paliakoudis.tax\/index.php?rest_route=\/wp\/v2\/pages\/32","targetHints":{"allow":["GET"]}}],"collection":[{"href":"https:\/\/paliakoudis.tax\/index.php?rest_route=\/wp\/v2\/pages"}],"about":[{"href":"https:\/\/paliakoudis.tax\/index.php?rest_route=\/wp\/v2\/types\/page"}],"author":[{"embeddable":true,"href":"https:\/\/paliakoudis.tax\/index.php?rest_route=\/wp\/v2\/users\/1"}],"replies":[{"embeddable":true,"href":"https:\/\/paliakoudis.tax\/index.php?rest_route=%2Fwp%2Fv2%2Fcomments&post=32"}],"version-history":[{"count":13,"href":"https:\/\/paliakoudis.tax\/index.php?rest_route=\/wp\/v2\/pages\/32\/revisions"}],"predecessor-version":[{"id":99,"href":"https:\/\/paliakoudis.tax\/index.php?rest_route=\/wp\/v2\/pages\/32\/revisions\/99"}],"wp:attachment":[{"href":"https:\/\/paliakoudis.tax\/index.php?rest_route=%2Fwp%2Fv2%2Fmedia&parent=32"}],"curies":[{"name":"wp","href":"https:\/\/api.w.org\/{rel}","templated":true}]}}